{"id":912,"date":"2024-03-19T09:53:52","date_gmt":"2024-03-19T12:53:52","guid":{"rendered":"https:\/\/fundacaofhc.org.br\/interage\/?page_id=912"},"modified":"2024-03-27T14:51:08","modified_gmt":"2024-03-27T17:51:08","slug":"nicaraguauma-ditadura-sem-fim-2","status":"publish","type":"page","link":"https:\/\/fundacaofhc.org.br\/interage\/lps\/nicaraguauma-ditadura-sem-fim-2\/","title":{"rendered":"Nicar\u00e1gua:<br>uma ditadura sem fim?"},"content":{"rendered":"<p class=\"blocoAzul\" style=\"font-family: Figtree, sans-serif; font-size: 15px; font-weight: 500; color: #ffffff; line-height: 24px; text-align: justify; margin-bottom:20px\">Em 2024 completam-se 45 anos da Revolu\u00e7\u00e3o Sandinista, que p\u00f4s fim a uma das mais longevas ditaduras latinoamericanas, exercida desde 1936 por membros da mesma fam\u00edlia, e que despertou novamente as esperan\u00e7as em uma revolu\u00e7\u00e3o popular e democr\u00e1tica na Am\u00e9rica Latina. Essas esperan\u00e7as acabaram por se frustrar. A Nicar\u00e1gua \u00e9 hoje uma ditadura comandada por um dos principais l\u00edderes da Frente Sandinista de Liberta\u00e7\u00e3o Nacional, Daniel Ortega. Em mat\u00e9ria de supress\u00e3o das liberdades democr\u00e1ticas e viola\u00e7\u00e3o dos direitos humanos, o regime atual em nada fica a dever \u00e0 ditadura da fam\u00edlia Somoza.<\/p>\n<p class=\"blocoAzul\" style=\"font-family: Figtree, sans-serif; font-size: 15px; font-weight: 500; color: #ffffff; line-height: 24px; text-align: justify; margin-bottom:20px\">Que fatores levaram a Nicar\u00e1gua novamente \u00e0 ditadura? Que caminhos se apresentam hoje para que o pa\u00eds se liberte de um regime brutal de opress\u00e3o? Qual o papel dos demais pa\u00edses, em geral, e dos latino-americanos, em particular, numa eventual transi\u00e7\u00e3o para a democracia?<\/p>\n<p class=\"blocoAzul\" style=\"font-family: Figtree, sans-serif; font-size: 15px; font-weight: 500; color: #ffffff; line-height: 24px; text-align: justify; margin-bottom:20px\">Para debater essas quest\u00f5es, a\u00a0<strong>Funda\u00e7\u00e3o Fernando Henrique Cardoso<\/strong>, o\u00a0<strong><em>Centro para la Apertura y el Desarrollo de Am\u00e9rica Latina<\/em>\u00a0(CADAL)<\/strong> e a\u00a0<strong><em>Fundaci\u00f3n Puentes para el Desarrollo de Centroam\u00e9rica<\/em>\u00a0<\/strong>convidaram os ex-deputados nicaraguenses\u00a0Enrique S\u00e1enz\u00a0e\u00a0M\u00f3nica Baltodano.<\/p>\n","protected":false},"excerpt":{"rendered":"<p>Em 2024 completam-se 45 anos da Revolu\u00e7\u00e3o Sandinista, que p\u00f4s fim a uma das mais longevas ditaduras latinoamericanas, exercida desde 1936 por membros da mesma fam\u00edlia, e que despertou novamente as esperan\u00e7as em uma revolu\u00e7\u00e3o popular e democr\u00e1tica na Am\u00e9rica Latina. Essas esperan\u00e7as acabaram por se frustrar. A Nicar\u00e1gua \u00e9 hoje uma ditadura comandada por [&hellip;]<\/p>\n","protected":false},"author":3,"featured_media":960,"parent":211,"menu_order":0,"comment_status":"closed","ping_status":"closed","template":"template-landing-sem-logo.php","meta":{"inline_featured_image":false,"footnotes":""},"class_list":["post-912","page","type-page","status-publish","has-post-thumbnail","hentry"],"acf":[],"wps_subtitle":"YOUTUBE","_links":{"self":[{"href":"https:\/\/fundacaofhc.org.br\/interage\/wp-json\/wp\/v2\/pages\/912","targetHints":{"allow":["GET"]}}],"collection":[{"href":"https:\/\/fundacaofhc.org.br\/interage\/wp-json\/wp\/v2\/pages"}],"about":[{"href":"https:\/\/fundacaofhc.org.br\/interage\/wp-json\/wp\/v2\/types\/page"}],"author":[{"embeddable":true,"href":"https:\/\/fundacaofhc.org.br\/interage\/wp-json\/wp\/v2\/users\/3"}],"replies":[{"embeddable":true,"href":"https:\/\/fundacaofhc.org.br\/interage\/wp-json\/wp\/v2\/comments?post=912"}],"version-history":[{"count":7,"href":"https:\/\/fundacaofhc.org.br\/interage\/wp-json\/wp\/v2\/pages\/912\/revisions"}],"predecessor-version":[{"id":939,"href":"https:\/\/fundacaofhc.org.br\/interage\/wp-json\/wp\/v2\/pages\/912\/revisions\/939"}],"up":[{"embeddable":true,"href":"https:\/\/fundacaofhc.org.br\/interage\/wp-json\/wp\/v2\/pages\/211"}],"wp:featuredmedia":[{"embeddable":true,"href":"https:\/\/fundacaofhc.org.br\/interage\/wp-json\/wp\/v2\/media\/960"}],"wp:attachment":[{"href":"https:\/\/fundacaofhc.org.br\/interage\/wp-json\/wp\/v2\/media?parent=912"}],"curies":[{"name":"wp","href":"https:\/\/api.w.org\/{rel}","templated":true}]}}