{"id":893,"date":"2024-03-14T16:45:27","date_gmt":"2024-03-14T19:45:27","guid":{"rendered":"https:\/\/fundacaofhc.org.br\/interage\/?page_id=893"},"modified":"2024-03-15T09:15:28","modified_gmt":"2024-03-15T12:15:28","slug":"desafios-do-sistema-politico-brasileiro","status":"publish","type":"page","link":"https:\/\/fundacaofhc.org.br\/interage\/lps\/desafios-do-sistema-politico-brasileiro\/","title":{"rendered":"Desafios do Sistema Pol\u00edtico Brasileiro"},"content":{"rendered":"<p class=\"blocoAzul\" style=\"font-family: Figtree, sans-serif; font-size: 15px; font-weight: 500; color: #ffffff; line-height: 24px; text-align: justify; margin-bottom:20px\">O\u00a0 sistema pol\u00edtico-partid\u00e1rio apresenta m\u00faltiplos sinais de crise. Quais altera\u00e7\u00f5es no sistema eleitoral e partid\u00e1rio poderiam reduzir o d\u00e9ficit de representa\u00e7\u00e3o no pa\u00eds? Como reduzir os custos e desconcentrar os recursos p\u00fablicos destinados a campanhas eleitorais? Como fortalecer o controle social do financiamento de partidos e campanhas?<br \/>\n<img loading=\"lazy\" decoding=\"async\" class=\"alignleft wp-image-888\" style=\"float: left; padding-right: 20px;\" src=\"https:\/\/fundacaofhc.org.br\/interage\/wp-content\/uploads\/2024\/03\/capa-3d-DESAFIOS-1-354x600.png\" alt=\"\" width=\"119\" height=\"201\" srcset=\"https:\/\/fundacaofhc.org.br\/interage\/wp-content\/uploads\/2024\/03\/capa-3d-DESAFIOS-1-354x600.png 354w, https:\/\/fundacaofhc.org.br\/interage\/wp-content\/uploads\/2024\/03\/capa-3d-DESAFIOS-1-340x575.png 340w, https:\/\/fundacaofhc.org.br\/interage\/wp-content\/uploads\/2024\/03\/capa-3d-DESAFIOS-1-768x1300.png 768w, https:\/\/fundacaofhc.org.br\/interage\/wp-content\/uploads\/2024\/03\/capa-3d-DESAFIOS-1-907x1536.png 907w, https:\/\/fundacaofhc.org.br\/interage\/wp-content\/uploads\/2024\/03\/capa-3d-DESAFIOS-1-1210x2048.png 1210w, https:\/\/fundacaofhc.org.br\/interage\/wp-content\/uploads\/2024\/03\/capa-3d-DESAFIOS-1.png 1211w\" sizes=\"auto, (max-width: 119px) 100vw, 119px\" \/><br \/>\nConvidamos especialistas e pol\u00edticos para debater o diagn\u00f3stico e as propostas reunidas no livro \u201c<strong>Desafios do sistema pol\u00edtico brasileiro<\/strong>\u201d, publicado pela <strong>Plataforma Democr\u00e1tica<\/strong> (Funda\u00e7\u00e3o FHC e Centro Edelstein de Pesquisas Sociais) com apoio do <strong><em>National Democratic Institute<\/em>.<\/strong><\/p>\n","protected":false},"excerpt":{"rendered":"<p>O\u00a0 sistema pol\u00edtico-partid\u00e1rio apresenta m\u00faltiplos sinais de crise. Quais altera\u00e7\u00f5es no sistema eleitoral e partid\u00e1rio poderiam reduzir o d\u00e9ficit de representa\u00e7\u00e3o no pa\u00eds? Como reduzir os custos e desconcentrar os recursos p\u00fablicos destinados a campanhas eleitorais? Como fortalecer o controle social do financiamento de partidos e campanhas? Convidamos especialistas e pol\u00edticos para debater o diagn\u00f3stico [&hellip;]<\/p>\n","protected":false},"author":3,"featured_media":0,"parent":211,"menu_order":0,"comment_status":"closed","ping_status":"closed","template":"template-landing-sem-logo.php","meta":{"inline_featured_image":false,"footnotes":""},"class_list":["post-893","page","type-page","status-publish","hentry"],"acf":[],"wps_subtitle":"Workshop","_links":{"self":[{"href":"https:\/\/fundacaofhc.org.br\/interage\/wp-json\/wp\/v2\/pages\/893","targetHints":{"allow":["GET"]}}],"collection":[{"href":"https:\/\/fundacaofhc.org.br\/interage\/wp-json\/wp\/v2\/pages"}],"about":[{"href":"https:\/\/fundacaofhc.org.br\/interage\/wp-json\/wp\/v2\/types\/page"}],"author":[{"embeddable":true,"href":"https:\/\/fundacaofhc.org.br\/interage\/wp-json\/wp\/v2\/users\/3"}],"replies":[{"embeddable":true,"href":"https:\/\/fundacaofhc.org.br\/interage\/wp-json\/wp\/v2\/comments?post=893"}],"version-history":[{"count":5,"href":"https:\/\/fundacaofhc.org.br\/interage\/wp-json\/wp\/v2\/pages\/893\/revisions"}],"predecessor-version":[{"id":899,"href":"https:\/\/fundacaofhc.org.br\/interage\/wp-json\/wp\/v2\/pages\/893\/revisions\/899"}],"up":[{"embeddable":true,"href":"https:\/\/fundacaofhc.org.br\/interage\/wp-json\/wp\/v2\/pages\/211"}],"wp:attachment":[{"href":"https:\/\/fundacaofhc.org.br\/interage\/wp-json\/wp\/v2\/media?parent=893"}],"curies":[{"name":"wp","href":"https:\/\/api.w.org\/{rel}","templated":true}]}}