{"id":510,"date":"2023-10-30T12:21:11","date_gmt":"2023-10-30T15:21:11","guid":{"rendered":"https:\/\/fundacaofhc.org.br\/interage\/?page_id=510"},"modified":"2023-11-01T15:03:43","modified_gmt":"2023-11-01T18:03:43","slug":"transicao-verde-e-socialmente-justa-novas-oportunidades-de-politica-economica-para-o-brasil-e-a-alemanha-3","status":"publish","type":"page","link":"https:\/\/fundacaofhc.org.br\/interage\/lps\/transicao-verde-e-socialmente-justa-novas-oportunidades-de-politica-economica-para-o-brasil-e-a-alemanha-3\/","title":{"rendered":"Transi\u00e7\u00e3o verde e socialmente justa: <br>novas oportunidades de pol\u00edtica econ\u00f4mica para o Brasil e a Alemanha"},"content":{"rendered":"<p class=\"blocoAzul\" style=\"font-family: Figtree, sans-serif; font-size: 15px; font-weight: 500; color: #ffffff; line-height: 24px; text-align: justify; margin-bottom:20px\"><span style=\"font-weight: 400;\">Se fizer a li\u00e7\u00e3o de casa no combate ao desmatamento na Amaz\u00f4nia (e em outros biomas), o Brasil tem condi\u00e7\u00f5es de desempenhar um papel crucial na articula\u00e7\u00e3o dos esfor\u00e7os globais para enfrentar a crise clim\u00e1tica. A Uni\u00e3o Europeia, onde a quest\u00e3o ambiental est\u00e1 no centro da agenda pol\u00edtica e econ\u00f4mica, pode ser uma <\/span><span style=\"font-weight: 400;\">parceira importante do pa\u00eds, e do Mercosul, na transi\u00e7\u00e3o para uma economia mais sustent\u00e1vel e justa. A soma desses esfor\u00e7os \u00e9 tamb\u00e9m uma oportunidade para que ambos os lados possam impulsionar o seu desenvolvimento socioecon\u00f4mico e, ao mesmo tempo, reduzir as emiss\u00f5es de carbono. Para que isso se concretize, contudo, algumas arestas ter\u00e3o de ser aparadas.<\/span><\/p>\n<p class=\"blocoAzul\" style=\"font-family: Figtree, sans-serif; font-size: 15px; font-weight: 500; color: #ffffff; line-height: 24px; text-align: justify; margin-bottom:20px\"><span style=\"font-weight: 400;\">A Funda\u00e7\u00e3o FHC e o Consulado-Geral da Alemanha em S\u00e3o Paulo realizam este semin\u00e1rio presencial, em S\u00e3o Paulo, para entender como a maior economia europeia v\u00ea essa agenda comum e qual a avalia\u00e7\u00e3o acerca do papel a ser desempenhado pelo Brasil \u2013 em um momento em que o pa\u00eds exerce a presid\u00eancia do Mercosul, est\u00e1 prestes a assumir a do G20 e, em breve, sediar\u00e1 eventos globais importantes, como o Encontro dos BRICS e a COP30.<\/span><\/p>\n","protected":false},"excerpt":{"rendered":"<p>Se fizer a li\u00e7\u00e3o de casa no combate ao desmatamento na Amaz\u00f4nia (e em outros biomas), o Brasil tem condi\u00e7\u00f5es de desempenhar um papel crucial na articula\u00e7\u00e3o dos esfor\u00e7os globais para enfrentar a crise clim\u00e1tica. A Uni\u00e3o Europeia, onde a quest\u00e3o ambiental est\u00e1 no centro da agenda pol\u00edtica e econ\u00f4mica, pode ser uma parceira importante [&hellip;]<\/p>\n","protected":false},"author":4,"featured_media":423,"parent":211,"menu_order":0,"comment_status":"closed","ping_status":"closed","template":"template-landing.php","meta":{"inline_featured_image":false,"footnotes":""},"class_list":["post-510","page","type-page","status-publish","has-post-thumbnail","hentry"],"acf":[],"wps_subtitle":"WEBINAR ","_links":{"self":[{"href":"https:\/\/fundacaofhc.org.br\/interage\/wp-json\/wp\/v2\/pages\/510","targetHints":{"allow":["GET"]}}],"collection":[{"href":"https:\/\/fundacaofhc.org.br\/interage\/wp-json\/wp\/v2\/pages"}],"about":[{"href":"https:\/\/fundacaofhc.org.br\/interage\/wp-json\/wp\/v2\/types\/page"}],"author":[{"embeddable":true,"href":"https:\/\/fundacaofhc.org.br\/interage\/wp-json\/wp\/v2\/users\/4"}],"replies":[{"embeddable":true,"href":"https:\/\/fundacaofhc.org.br\/interage\/wp-json\/wp\/v2\/comments?post=510"}],"version-history":[{"count":2,"href":"https:\/\/fundacaofhc.org.br\/interage\/wp-json\/wp\/v2\/pages\/510\/revisions"}],"predecessor-version":[{"id":516,"href":"https:\/\/fundacaofhc.org.br\/interage\/wp-json\/wp\/v2\/pages\/510\/revisions\/516"}],"up":[{"embeddable":true,"href":"https:\/\/fundacaofhc.org.br\/interage\/wp-json\/wp\/v2\/pages\/211"}],"wp:featuredmedia":[{"embeddable":true,"href":"https:\/\/fundacaofhc.org.br\/interage\/wp-json\/wp\/v2\/media\/423"}],"wp:attachment":[{"href":"https:\/\/fundacaofhc.org.br\/interage\/wp-json\/wp\/v2\/media?parent=510"}],"curies":[{"name":"wp","href":"https:\/\/api.w.org\/{rel}","templated":true}]}}