{"id":2181,"date":"2024-12-02T16:11:18","date_gmt":"2024-12-02T19:11:18","guid":{"rendered":"https:\/\/fundacaofhc.org.br\/interage\/?page_id=2181"},"modified":"2024-12-02T16:12:21","modified_gmt":"2024-12-02T19:12:21","slug":"a-um-ano-da-cop-30-o-que-temos-para-mostrar-e-como-somos-vistos-3","status":"publish","type":"page","link":"https:\/\/fundacaofhc.org.br\/interage\/lps\/a-um-ano-da-cop-30-o-que-temos-para-mostrar-e-como-somos-vistos-3\/","title":{"rendered":"A um ano da COP 30, o que temos para mostrar e como somos vistos?"},"content":{"rendered":"<p class=\"blocoAzul\" style=\"font-family: Figtree, sans-serif; font-size: 15px; font-weight: 500; color: #ffffff; line-height: 24px; text-align: justify; margin-bottom:20px\">O Brasil sediou a primeira grande conven\u00e7\u00e3o sobre o clima, a Rio-92. Passados mais de trinta anos, o pa\u00eds tem um novo encontro marcado com o mundo. Desta vez, em Bel\u00e9m, capital do Par\u00e1, em novembro de 2025.<\/p>\n<p class=\"blocoAzul\" style=\"font-family: Figtree, sans-serif; font-size: 15px; font-weight: 500; color: #ffffff; line-height: 24px; text-align: justify; margin-bottom:20px\">Com os olhos do planeta voltados para c\u00e1, o que ter\u00e1 o Brasil para mostrar? Estamos nos preparando interna e externamente para ter um papel central nas negocia\u00e7\u00f5es que, j\u00e1 em andamento, ir\u00e3o desaguar na COP 30?<\/p>\n<p class=\"blocoAzul\" style=\"font-family: Figtree, sans-serif; font-size: 15px; font-weight: 500; color: #ffffff; line-height: 24px; text-align: justify; margin-bottom:20px\">O momento n\u00e3o poderia ser mais cr\u00edtico: de um lado, os indicadores da mudan\u00e7a clim\u00e1tica piscam sinais de alerta cada vez mais intensos; de outro, s\u00e3o m\u00ednimos os progressos feitos desde o Acordo de Paris, nove anos atr\u00e1s, para impedir danos catastr\u00f3ficos crescentes para a vida humana. Como se fosse pouco, Donald Trump est\u00e1 de volta \u00e0 Casa Branca.<\/p>\n<p class=\"blocoAzul\" style=\"font-family: Figtree, sans-serif; font-size: 15px; font-weight: 500; color: #ffffff; line-height: 24px; text-align: justify; margin-bottom:20px\">Para avaliar esse quadro e os seus desafios, a Funda\u00e7\u00e3o FHC reunir\u00e1 neste debate tr\u00eas pessoas que t\u00eam peso nas discuss\u00f5es e decis\u00f5es sobre a pol\u00edtica clim\u00e1tica brasileira e na imagem que dela se faz no exterior.<\/p>\n","protected":false},"excerpt":{"rendered":"<p>O Brasil sediou a primeira grande conven\u00e7\u00e3o sobre o clima, a Rio-92. Passados mais de trinta anos, o pa\u00eds tem um novo encontro marcado com o mundo. Desta vez, em Bel\u00e9m, capital do Par\u00e1, em novembro de 2025. Com os olhos do planeta voltados para c\u00e1, o que ter\u00e1 o Brasil para mostrar? Estamos nos [&hellip;]<\/p>\n","protected":false},"author":3,"featured_media":2116,"parent":211,"menu_order":0,"comment_status":"closed","ping_status":"closed","template":"template-landing-2024.php","meta":{"inline_featured_image":false,"footnotes":""},"class_list":["post-2181","page","type-page","status-publish","has-post-thumbnail","hentry"],"acf":[],"wps_subtitle":"YOUTUBE","_links":{"self":[{"href":"https:\/\/fundacaofhc.org.br\/interage\/wp-json\/wp\/v2\/pages\/2181","targetHints":{"allow":["GET"]}}],"collection":[{"href":"https:\/\/fundacaofhc.org.br\/interage\/wp-json\/wp\/v2\/pages"}],"about":[{"href":"https:\/\/fundacaofhc.org.br\/interage\/wp-json\/wp\/v2\/types\/page"}],"author":[{"embeddable":true,"href":"https:\/\/fundacaofhc.org.br\/interage\/wp-json\/wp\/v2\/users\/3"}],"replies":[{"embeddable":true,"href":"https:\/\/fundacaofhc.org.br\/interage\/wp-json\/wp\/v2\/comments?post=2181"}],"version-history":[{"count":2,"href":"https:\/\/fundacaofhc.org.br\/interage\/wp-json\/wp\/v2\/pages\/2181\/revisions"}],"predecessor-version":[{"id":2184,"href":"https:\/\/fundacaofhc.org.br\/interage\/wp-json\/wp\/v2\/pages\/2181\/revisions\/2184"}],"up":[{"embeddable":true,"href":"https:\/\/fundacaofhc.org.br\/interage\/wp-json\/wp\/v2\/pages\/211"}],"wp:featuredmedia":[{"embeddable":true,"href":"https:\/\/fundacaofhc.org.br\/interage\/wp-json\/wp\/v2\/media\/2116"}],"wp:attachment":[{"href":"https:\/\/fundacaofhc.org.br\/interage\/wp-json\/wp\/v2\/media?parent=2181"}],"curies":[{"name":"wp","href":"https:\/\/api.w.org\/{rel}","templated":true}]}}