{"id":2091,"date":"2024-11-12T09:54:30","date_gmt":"2024-11-12T12:54:30","guid":{"rendered":"https:\/\/fundacaofhc.org.br\/interage\/?page_id=2091"},"modified":"2024-11-12T09:54:44","modified_gmt":"2024-11-12T12:54:44","slug":"como-lidar-com-uma-populacao-que-envelhece-o-que-o-brasil-pode-aprender-com-o-japao-2","status":"publish","type":"page","link":"https:\/\/fundacaofhc.org.br\/interage\/lps\/como-lidar-com-uma-populacao-que-envelhece-o-que-o-brasil-pode-aprender-com-o-japao-2\/","title":{"rendered":"Como lidar com uma popula\u00e7\u00e3o que envelhece: o que o Brasil pode aprender com o Jap\u00e3o?"},"content":{"rendered":"<p class=\"blocoAzul\" style=\"font-family: Figtree, sans-serif; font-size: 15px; font-weight: 500; color: #ffffff; line-height: 24px; text-align: justify; margin-bottom:20px\"><span style=\"font-weight: 400;\">Um em cada dez japoneses tem mais de 80 anos, e quase 30% da popula\u00e7\u00e3o tem mais de 65 anos. H\u00e1 d\u00e9cadas, o Jap\u00e3o aparece consistentemente como o pa\u00eds com o maior percentual de idosos do mundo, com profundos impactos em sua economia, mercado de trabalho e sociedade. J\u00e1 o Brasil est\u00e1 envelhecendo rapidamente: apenas 11% da popula\u00e7\u00e3o tem 65 anos ou mais, mas desde 2010 este estrato populacional aumentou 57%. Que pol\u00edticas o Jap\u00e3o adotou nas \u00faltimas d\u00e9cadas para enfrentar esse dilema? O que deu certo e o que n\u00e3o deu? O que est\u00e1 sendo experimentado de mais inovador?<\/span><\/p>\n<p class=\"blocoAzul\" style=\"font-family: Figtree, sans-serif; font-size: 15px; font-weight: 500; color: #ffffff; line-height: 24px; text-align: justify; margin-bottom:20px\"><span style=\"font-weight: 400;\">Para falar sobre os desafios do envelhecimento populacional, a <strong>Funda\u00e7\u00e3o FHC<\/strong> e a <strong>Japan House S\u00e3o Paulo<\/strong> trazem de T\u00f3quio uma das maiores geront\u00f3logas do mundo. Para conversar com ela, convidamos um m\u00e9dico brasileiro especializado no tema.<\/span><\/p>\n","protected":false},"excerpt":{"rendered":"<p>Um em cada dez japoneses tem mais de 80 anos, e quase 30% da popula\u00e7\u00e3o tem mais de 65 anos. H\u00e1 d\u00e9cadas, o Jap\u00e3o aparece consistentemente como o pa\u00eds com o maior percentual de idosos do mundo, com profundos impactos em sua economia, mercado de trabalho e sociedade. J\u00e1 o Brasil est\u00e1 envelhecendo rapidamente: apenas [&hellip;]<\/p>\n","protected":false},"author":3,"featured_media":1966,"parent":211,"menu_order":0,"comment_status":"closed","ping_status":"closed","template":"template-landing-2024-v2.php","meta":{"inline_featured_image":false,"footnotes":""},"class_list":["post-2091","page","type-page","status-publish","has-post-thumbnail","hentry"],"acf":[],"wps_subtitle":"WEBINAR","_links":{"self":[{"href":"https:\/\/fundacaofhc.org.br\/interage\/wp-json\/wp\/v2\/pages\/2091","targetHints":{"allow":["GET"]}}],"collection":[{"href":"https:\/\/fundacaofhc.org.br\/interage\/wp-json\/wp\/v2\/pages"}],"about":[{"href":"https:\/\/fundacaofhc.org.br\/interage\/wp-json\/wp\/v2\/types\/page"}],"author":[{"embeddable":true,"href":"https:\/\/fundacaofhc.org.br\/interage\/wp-json\/wp\/v2\/users\/3"}],"replies":[{"embeddable":true,"href":"https:\/\/fundacaofhc.org.br\/interage\/wp-json\/wp\/v2\/comments?post=2091"}],"version-history":[{"count":2,"href":"https:\/\/fundacaofhc.org.br\/interage\/wp-json\/wp\/v2\/pages\/2091\/revisions"}],"predecessor-version":[{"id":2093,"href":"https:\/\/fundacaofhc.org.br\/interage\/wp-json\/wp\/v2\/pages\/2091\/revisions\/2093"}],"up":[{"embeddable":true,"href":"https:\/\/fundacaofhc.org.br\/interage\/wp-json\/wp\/v2\/pages\/211"}],"wp:featuredmedia":[{"embeddable":true,"href":"https:\/\/fundacaofhc.org.br\/interage\/wp-json\/wp\/v2\/media\/1966"}],"wp:attachment":[{"href":"https:\/\/fundacaofhc.org.br\/interage\/wp-json\/wp\/v2\/media?parent=2091"}],"curies":[{"name":"wp","href":"https:\/\/api.w.org\/{rel}","templated":true}]}}