{"id":2083,"date":"2024-11-12T12:09:07","date_gmt":"2024-11-12T15:09:07","guid":{"rendered":"https:\/\/fundacaofhc.org.br\/interage\/?page_id=2083"},"modified":"2024-11-12T12:09:07","modified_gmt":"2024-11-12T15:09:07","slug":"eleicoes-americanas-a-vitoria-de-donald-trump-e-suas-consequencias-politicas-e-economicas","status":"publish","type":"page","link":"https:\/\/fundacaofhc.org.br\/interage\/lps\/eleicoes-americanas-a-vitoria-de-donald-trump-e-suas-consequencias-politicas-e-economicas\/","title":{"rendered":"Elei\u00e7\u00f5es americanas: a vit\u00f3ria de Donald Trump e suas consequ\u00eancias pol\u00edticas e econ\u00f4micas"},"content":{"rendered":"<p class=\"blocoAzul\" style=\"font-family: Figtree, sans-serif; font-size: 15px; font-weight: 500; color: #ffffff; line-height: 24px; text-align: justify; margin-bottom:20px\">Donald Trump venceu Kamala Harris e estar\u00e1 de volta \u00e0 presid\u00eancia dos Estados Unidos no pr\u00f3ximo ano. Eleito com mais de 71 milh\u00f5es de votos, Trump ser\u00e1 o 47\u00ba presidente americano e, provavelmente, ter\u00e1 maioria republicana na C\u00e2mara e no Senado. Ele assume o cargo em 20 de janeiro de 2025.<\/p>\n<p class=\"blocoAzul\" style=\"font-family: Figtree, sans-serif; font-size: 15px; font-weight: 500; color: #ffffff; line-height: 24px; text-align: justify; margin-bottom:20px\">Para analisar os resultados da elei\u00e7\u00e3o e projetar poss\u00edveis cen\u00e1rios pol\u00edticos e econ\u00f4micos, a Funda\u00e7\u00e3o Fernando Henrique Cardoso promover\u00e1 um webinar com Arturo Valenzuela. Cientista pol\u00edtico, ele \u00e9 professor em\u00e9rito da <em>Georgetown University<\/em> e integrou as administra\u00e7\u00f5es de Bill Clinton e Barack Obama, ocupando cargos destacados na \u00e1rea de pol\u00edtica externa.<\/p>\n","protected":false},"excerpt":{"rendered":"<p>Donald Trump venceu Kamala Harris e estar\u00e1 de volta \u00e0 presid\u00eancia dos Estados Unidos no pr\u00f3ximo ano. Eleito com mais de 71 milh\u00f5es de votos, Trump ser\u00e1 o 47\u00ba presidente americano e, provavelmente, ter\u00e1 maioria republicana na C\u00e2mara e no Senado. Ele assume o cargo em 20 de janeiro de 2025. Para analisar os resultados [&hellip;]<\/p>\n","protected":false},"author":3,"featured_media":2028,"parent":211,"menu_order":0,"comment_status":"closed","ping_status":"closed","template":"template-landing-2024.php","meta":{"inline_featured_image":false,"footnotes":""},"class_list":["post-2083","page","type-page","status-publish","has-post-thumbnail","hentry"],"acf":[],"wps_subtitle":"YOUTUBE","_links":{"self":[{"href":"https:\/\/fundacaofhc.org.br\/interage\/wp-json\/wp\/v2\/pages\/2083","targetHints":{"allow":["GET"]}}],"collection":[{"href":"https:\/\/fundacaofhc.org.br\/interage\/wp-json\/wp\/v2\/pages"}],"about":[{"href":"https:\/\/fundacaofhc.org.br\/interage\/wp-json\/wp\/v2\/types\/page"}],"author":[{"embeddable":true,"href":"https:\/\/fundacaofhc.org.br\/interage\/wp-json\/wp\/v2\/users\/3"}],"replies":[{"embeddable":true,"href":"https:\/\/fundacaofhc.org.br\/interage\/wp-json\/wp\/v2\/comments?post=2083"}],"version-history":[{"count":1,"href":"https:\/\/fundacaofhc.org.br\/interage\/wp-json\/wp\/v2\/pages\/2083\/revisions"}],"predecessor-version":[{"id":2095,"href":"https:\/\/fundacaofhc.org.br\/interage\/wp-json\/wp\/v2\/pages\/2083\/revisions\/2095"}],"up":[{"embeddable":true,"href":"https:\/\/fundacaofhc.org.br\/interage\/wp-json\/wp\/v2\/pages\/211"}],"wp:featuredmedia":[{"embeddable":true,"href":"https:\/\/fundacaofhc.org.br\/interage\/wp-json\/wp\/v2\/media\/2028"}],"wp:attachment":[{"href":"https:\/\/fundacaofhc.org.br\/interage\/wp-json\/wp\/v2\/media?parent=2083"}],"curies":[{"name":"wp","href":"https:\/\/api.w.org\/{rel}","templated":true}]}}