{"id":1737,"date":"2024-09-04T16:34:05","date_gmt":"2024-09-04T19:34:05","guid":{"rendered":"https:\/\/fundacaofhc.org.br\/interage\/?page_id=1737"},"modified":"2024-09-04T16:46:53","modified_gmt":"2024-09-04T19:46:53","slug":"perspectivas-do-investimento-privado-o-que-fazer-para-acelerar-o-ritmo-3","status":"publish","type":"page","link":"https:\/\/fundacaofhc.org.br\/interage\/lps\/perspectivas-do-investimento-privado-o-que-fazer-para-acelerar-o-ritmo-3\/","title":{"rendered":"Perspectivas do investimento privado: <br> o que fazer para acelerar o ritmo?"},"content":{"rendered":"<p class=\"blocoAzul\" style=\"font-family: Figtree, sans-serif; font-size: 15px; font-weight: 500; color: #ffffff; line-height: 24px; text-align: justify; margin-bottom:20px\">O Brasil \u00e9 a oitava maior economia do mundo. Por\u00e9m, no ranking global de acesso \u00e0 \u00e1gua e tratamento de esgoto, aparece em 62\u00ba e 81\u00ba lugares, respectivamente, de acordo com o Banco Mundial. Essa m\u00e1 coloca\u00e7\u00e3o se deve \u00e0 cr\u00f4nica insufici\u00eancia de investimentos em saneamento b\u00e1sico.<\/p>\n<p class=\"blocoAzul\" style=\"font-family: Figtree, sans-serif; font-size: 15px; font-weight: 500; color: #ffffff; line-height: 24px; text-align: justify; margin-bottom:20px\">Aprovado h\u00e1 quatro anos, o novo marco legal do setor abriu as portas ao investimento privado. Junto com novas regras, vieram metas ambiciosas para a universaliza\u00e7\u00e3o dos servi\u00e7os de saneamento. Contudo, estudo recente da consultoria GO Associados mostra que, a despeito do aumento dos investimentos da iniciativa privada, a meta s\u00f3 ser\u00e1 atingida, se mantido o ritmo dos \u00faltimos anos, em 2046, treze anos depois do estabelecido.<\/p>\n<p class=\"blocoAzul\" style=\"font-family: Figtree, sans-serif; font-size: 15px; font-weight: 500; color: #ffffff; line-height: 24px; text-align: justify; margin-bottom:20px\">Nesse contexto, cabe perguntar: o que se pode fazer para acelerar o ritmo do investimento privado nos pr\u00f3ximos anos, tendo em vista que a capacidade de o setor p\u00fablico investir estar\u00e1 limitada por restri\u00e7\u00f5es fiscais?<\/p>\n<p class=\"blocoAzul\" style=\"font-family: Figtree, sans-serif; font-size: 15px; font-weight: 500; color: #ffffff; line-height: 24px; text-align: justify; margin-bottom:20px\">Para discutir essa quest\u00e3o, a Funda\u00e7\u00e3o FHC re\u00fane tr\u00eas profissionais que se destacam pelas posi\u00e7\u00f5es que ocuparam ou ocupam e pelo conhecimento que t\u00eam sobre o setor e seus desafios.<\/p>\n","protected":false},"excerpt":{"rendered":"<p>O Brasil \u00e9 a oitava maior economia do mundo. Por\u00e9m, no ranking global de acesso \u00e0 \u00e1gua e tratamento de esgoto, aparece em 62\u00ba e 81\u00ba lugares, respectivamente, de acordo com o Banco Mundial. Essa m\u00e1 coloca\u00e7\u00e3o se deve \u00e0 cr\u00f4nica insufici\u00eancia de investimentos em saneamento b\u00e1sico. Aprovado h\u00e1 quatro anos, o novo marco legal [&hellip;]<\/p>\n","protected":false},"author":3,"featured_media":1617,"parent":211,"menu_order":0,"comment_status":"closed","ping_status":"closed","template":"template-landing-2024.php","meta":{"inline_featured_image":false,"footnotes":""},"class_list":["post-1737","page","type-page","status-publish","has-post-thumbnail","hentry"],"acf":[],"wps_subtitle":"YOUTUBE","_links":{"self":[{"href":"https:\/\/fundacaofhc.org.br\/interage\/wp-json\/wp\/v2\/pages\/1737","targetHints":{"allow":["GET"]}}],"collection":[{"href":"https:\/\/fundacaofhc.org.br\/interage\/wp-json\/wp\/v2\/pages"}],"about":[{"href":"https:\/\/fundacaofhc.org.br\/interage\/wp-json\/wp\/v2\/types\/page"}],"author":[{"embeddable":true,"href":"https:\/\/fundacaofhc.org.br\/interage\/wp-json\/wp\/v2\/users\/3"}],"replies":[{"embeddable":true,"href":"https:\/\/fundacaofhc.org.br\/interage\/wp-json\/wp\/v2\/comments?post=1737"}],"version-history":[{"count":2,"href":"https:\/\/fundacaofhc.org.br\/interage\/wp-json\/wp\/v2\/pages\/1737\/revisions"}],"predecessor-version":[{"id":1740,"href":"https:\/\/fundacaofhc.org.br\/interage\/wp-json\/wp\/v2\/pages\/1737\/revisions\/1740"}],"up":[{"embeddable":true,"href":"https:\/\/fundacaofhc.org.br\/interage\/wp-json\/wp\/v2\/pages\/211"}],"wp:featuredmedia":[{"embeddable":true,"href":"https:\/\/fundacaofhc.org.br\/interage\/wp-json\/wp\/v2\/media\/1617"}],"wp:attachment":[{"href":"https:\/\/fundacaofhc.org.br\/interage\/wp-json\/wp\/v2\/media?parent=1737"}],"curies":[{"name":"wp","href":"https:\/\/api.w.org\/{rel}","templated":true}]}}