{"id":1191,"date":"2024-05-14T11:22:11","date_gmt":"2024-05-14T14:22:11","guid":{"rendered":"https:\/\/fundacaofhc.org.br\/interage\/?page_id=1191"},"modified":"2024-05-15T16:28:04","modified_gmt":"2024-05-15T19:28:04","slug":"desafios-da-politica-nacional-de-seguranca-publica-com-mario-sarrubbo-2","status":"publish","type":"page","link":"https:\/\/fundacaofhc.org.br\/interage\/lps\/desafios-da-politica-nacional-de-seguranca-publica-com-mario-sarrubbo-2\/","title":{"rendered":"Desafios da Pol\u00edtica Nacional de Seguran\u00e7a P\u00fablica, com Mario Sarrubbo"},"content":{"rendered":"<p class=\"blocoAzul\" style=\"font-family: Figtree, sans-serif; font-size: 15px; font-weight: 500; color: #ffffff; line-height: 24px; text-align: justify; margin-bottom:20px\">O crime organizado est\u00e1 em expans\u00e3o no Brasil. Em escala crescente, infiltra-se em atividades econ\u00f4micas, movimenta cifras bilion\u00e1rias, coopta agentes p\u00fablicos, controla territ\u00f3rios e se vincula a redes criminosas internacionais. Constitui um poder paralelo que produz concorr\u00eancia desleal, provoca danos ao meio ambiente, coage a sociedade e p\u00f5e em xeque o Estado Democr\u00e1tico de Direito.<\/p>\n<p class=\"blocoAzul\" style=\"font-family: Figtree, sans-serif; font-size: 15px; font-weight: 500; color: #ffffff; line-height: 24px; text-align: justify; margin-bottom:20px\">Em boa hora, o governo federal decidiu assumir papel de lideran\u00e7a em mat\u00e9ria de seguran\u00e7a p\u00fablica. O poder do crime organizado suplanta a capacidade de Estados e munic\u00edpios de enfrent\u00e1-lo isoladamente.<\/p>\n<p class=\"blocoAzul\" style=\"font-family: Figtree, sans-serif; font-size: 15px; font-weight: 500; color: #ffffff; line-height: 24px; text-align: justify; margin-bottom:20px\">Neste webinar, o Secret\u00e1rio Nacional de Seguran\u00e7a P\u00fablica do Minist\u00e9rio da Justi\u00e7a, Mario Sarrubbo, apresentar\u00e1 a pol\u00edtica que o governo federal pretende implantar no combate ao crime organizado.<\/p>\n","protected":false},"excerpt":{"rendered":"<p>O crime organizado est\u00e1 em expans\u00e3o no Brasil. Em escala crescente, infiltra-se em atividades econ\u00f4micas, movimenta cifras bilion\u00e1rias, coopta agentes p\u00fablicos, controla territ\u00f3rios e se vincula a redes criminosas internacionais. Constitui um poder paralelo que produz concorr\u00eancia desleal, provoca danos ao meio ambiente, coage a sociedade e p\u00f5e em xeque o Estado Democr\u00e1tico de Direito. [&hellip;]<\/p>\n","protected":false},"author":3,"featured_media":1197,"parent":211,"menu_order":0,"comment_status":"closed","ping_status":"closed","template":"template-landing-2024.php","meta":{"inline_featured_image":false,"footnotes":""},"class_list":["post-1191","page","type-page","status-publish","has-post-thumbnail","hentry"],"acf":[],"wps_subtitle":"YOUTUBE","_links":{"self":[{"href":"https:\/\/fundacaofhc.org.br\/interage\/wp-json\/wp\/v2\/pages\/1191","targetHints":{"allow":["GET"]}}],"collection":[{"href":"https:\/\/fundacaofhc.org.br\/interage\/wp-json\/wp\/v2\/pages"}],"about":[{"href":"https:\/\/fundacaofhc.org.br\/interage\/wp-json\/wp\/v2\/types\/page"}],"author":[{"embeddable":true,"href":"https:\/\/fundacaofhc.org.br\/interage\/wp-json\/wp\/v2\/users\/3"}],"replies":[{"embeddable":true,"href":"https:\/\/fundacaofhc.org.br\/interage\/wp-json\/wp\/v2\/comments?post=1191"}],"version-history":[{"count":5,"href":"https:\/\/fundacaofhc.org.br\/interage\/wp-json\/wp\/v2\/pages\/1191\/revisions"}],"predecessor-version":[{"id":1204,"href":"https:\/\/fundacaofhc.org.br\/interage\/wp-json\/wp\/v2\/pages\/1191\/revisions\/1204"}],"up":[{"embeddable":true,"href":"https:\/\/fundacaofhc.org.br\/interage\/wp-json\/wp\/v2\/pages\/211"}],"wp:featuredmedia":[{"embeddable":true,"href":"https:\/\/fundacaofhc.org.br\/interage\/wp-json\/wp\/v2\/media\/1197"}],"wp:attachment":[{"href":"https:\/\/fundacaofhc.org.br\/interage\/wp-json\/wp\/v2\/media?parent=1191"}],"curies":[{"name":"wp","href":"https:\/\/api.w.org\/{rel}","templated":true}]}}