{"id":1059,"date":"2024-04-09T15:14:30","date_gmt":"2024-04-09T18:14:30","guid":{"rendered":"https:\/\/fundacaofhc.org.br\/interage\/?page_id=1059"},"modified":"2024-04-10T18:10:40","modified_gmt":"2024-04-10T21:10:40","slug":"a-revolucao-dos-cravos-e-os-desafios-atuais-da-democracia-2","status":"publish","type":"page","link":"https:\/\/fundacaofhc.org.br\/interage\/lps\/a-revolucao-dos-cravos-e-os-desafios-atuais-da-democracia-2\/","title":{"rendered":"A Revolu\u00e7\u00e3o dos Cravos e os<br>desafios atuais da democracia"},"content":{"rendered":"<p class=\"blocoAzul\" style=\"font-family: Figtree, sans-serif; font-size: 15px; font-weight: 500; color: #ffffff; line-height: 24px; text-align: justify; margin-bottom:20px\">O 25 de abril de 1974 teve um significado especial para o Brasil. O fim do regime salazarista em Portugal refor\u00e7ou a esperan\u00e7a de que aqui a ditadura militar, implantada em 1964, tamb\u00e9m encontraria o seu fim, mais cedo do que tarde.<\/p>\n<p class=\"blocoAzul\" style=\"font-family: Figtree, sans-serif; font-size: 15px; font-weight: 500; color: #ffffff; line-height: 24px; text-align: justify; margin-bottom:20px\">No mundo sopravam ventos democr\u00e1ticos. Dois anos depois da Revolu\u00e7\u00e3o dos Cravos, o regime franquista se encerraria na Espanha. Os ventos atravessariam o Atl\u00e2ntico.<\/p>\n<p class=\"blocoAzul\" style=\"font-family: Figtree, sans-serif; font-size: 15px; font-weight: 500; color: #ffffff; line-height: 24px; text-align: justify; margin-bottom:20px\">Nos anos subsequentes, Portugal integrou-se \u00e0 Europa e tornou-se uma democracia liberal moderna. O Brasil transitou lenta e gradualmente na mesma dire\u00e7\u00e3o, colocando em 1985 um ponto final no regime ditatorial.<\/p>\n<p class=\"blocoAzul\" style=\"font-family: Figtree, sans-serif; font-size: 15px; font-weight: 500; color: #ffffff; line-height: 24px; text-align: justify; margin-bottom:20px\">Nesse processo, apesar de tantas l\u00e9guas a nos separar, do ritmo pr\u00f3prio e das caracter\u00edsticas peculiares de cada pa\u00eds, as hist\u00f3rias do Brasil e de Portugal se entrela\u00e7aram uma vez mais \u2013 desta feita em torno da aspira\u00e7\u00e3o comum de construir sociedades abertas, democr\u00e1ticas e mais justas.<\/p>\n<p class=\"blocoAzul\" style=\"font-family: Figtree, sans-serif; font-size: 15px; font-weight: 500; color: #ffffff; line-height: 24px; text-align: justify; margin-bottom:20px\">Cinquenta anos depois, Portugal e Brasil se defrontam com desafios novos. For\u00e7as antidemocr\u00e1ticas ganham terreno em ambos os pa\u00edses. Os ventos do mundo s\u00e3o outros. Hora de fortalecer os la\u00e7os entre os democratas nos dois lados do Atl\u00e2ntico.<\/p>\n<p class=\"blocoAzul\" style=\"font-family: Figtree, sans-serif; font-size: 15px; font-weight: 500; color: #ffffff; line-height: 24px; text-align: justify; margin-bottom:20px\">Para discutir as li\u00e7\u00f5es do passado e os desafios presentes da democracia em ambos os pa\u00edses, a Funda\u00e7\u00e3o FHC convidou dois intelectuais p\u00fablicos portugueses de grande express\u00e3o: a escritora <strong>In\u00eas Pedrosa<\/strong> e o historiador e l\u00edder pol\u00edtico <strong>Rui Tavares<\/strong>.<\/p>\n","protected":false},"excerpt":{"rendered":"<p>O 25 de abril de 1974 teve um significado especial para o Brasil. O fim do regime salazarista em Portugal refor\u00e7ou a esperan\u00e7a de que aqui a ditadura militar, implantada em 1964, tamb\u00e9m encontraria o seu fim, mais cedo do que tarde. No mundo sopravam ventos democr\u00e1ticos. Dois anos depois da Revolu\u00e7\u00e3o dos Cravos, o [&hellip;]<\/p>\n","protected":false},"author":3,"featured_media":1056,"parent":211,"menu_order":0,"comment_status":"closed","ping_status":"closed","template":"template-landing-2024.php","meta":{"inline_featured_image":false,"footnotes":""},"class_list":["post-1059","page","type-page","status-publish","has-post-thumbnail","hentry"],"acf":[],"wps_subtitle":"YOUTUBE","_links":{"self":[{"href":"https:\/\/fundacaofhc.org.br\/interage\/wp-json\/wp\/v2\/pages\/1059","targetHints":{"allow":["GET"]}}],"collection":[{"href":"https:\/\/fundacaofhc.org.br\/interage\/wp-json\/wp\/v2\/pages"}],"about":[{"href":"https:\/\/fundacaofhc.org.br\/interage\/wp-json\/wp\/v2\/types\/page"}],"author":[{"embeddable":true,"href":"https:\/\/fundacaofhc.org.br\/interage\/wp-json\/wp\/v2\/users\/3"}],"replies":[{"embeddable":true,"href":"https:\/\/fundacaofhc.org.br\/interage\/wp-json\/wp\/v2\/comments?post=1059"}],"version-history":[{"count":3,"href":"https:\/\/fundacaofhc.org.br\/interage\/wp-json\/wp\/v2\/pages\/1059\/revisions"}],"predecessor-version":[{"id":1100,"href":"https:\/\/fundacaofhc.org.br\/interage\/wp-json\/wp\/v2\/pages\/1059\/revisions\/1100"}],"up":[{"embeddable":true,"href":"https:\/\/fundacaofhc.org.br\/interage\/wp-json\/wp\/v2\/pages\/211"}],"wp:featuredmedia":[{"embeddable":true,"href":"https:\/\/fundacaofhc.org.br\/interage\/wp-json\/wp\/v2\/media\/1056"}],"wp:attachment":[{"href":"https:\/\/fundacaofhc.org.br\/interage\/wp-json\/wp\/v2\/media?parent=1059"}],"curies":[{"name":"wp","href":"https:\/\/api.w.org\/{rel}","templated":true}]}}